 2503447. What is z(401)?
4
Let g(x) = x**2 - 14875*x + 13098907. Calculate g(940).
7
Let x(d) = -1096*d - 59. Determine x(1).
-1155
Let s(b) = 47*b**3 + 782*b - 782. Determine s(1).
47
Let q(d) = 22*d**2 + 24*d - 586. Give q(-6).
62
Let b(c) = 10382*c - 134813. Calculate b(13).
153
Let w(c) = -218081*c + 436203. Give w(2).
41
Let l(k) = -12328*k - 234193. What is l(-19)?
39
Let n(x) = -2189*x + 172934. Give n(79).
3
Let v(j) = -1785*j - 5077. Give v(-3).
278
Let q(j) = -4*j**3 - 186*j**2 + 293*j + 9340. Calculate q(-47).
-13
Let v(x) = 6*x**3 - 189*x**2 - 604*x + 3349. What is v(34)?
153
Let j(o) = -82*o**2 + 350*o - 302. What is j(3)?
10
Let c(q) = 305*q - 3576. What is c(21)?
2829
Let a(i) = -i**2 - 19294*i + 38592. Give a(2).
0
Let y(q) = 17*q**2 + 14*q + 18. Determine y(10).
1858
Let l(n) = 590*n + 59737. Determine l(-101).
147
Let w(u) = -2*u**3 + 26*u**2 + 434*u - 168. What is w(-10)?
92
Let b(a) = -3*a**3 + 899*a**2 - 28276*a + 7378. What is b(264)?
-14
Let x(u) = -2*u**2 - 378*u + 64936. Give x(109).
-28
Let r(h) = -5*h**3 - 3225*h**2 - 3245*h - 16109. Determine r(-644).
-9
Let s(u) = 6*u**3 + 777*u**2 + 2037*u + 16767. What is s(-127)?
3
Let s(j) = 1685*j - 3115. Give s(2).
255
Let v(j) = -115*j**2 + 1161*j + 1054. Calculate v(11).
-90
Let k(q) = 99*q**2 - 2138*q - 10152. Give k(-4).
-16
Let u(j) = -j**3 + 7*j**2 - 348145*j + 1392533. Determine u(4).
1
Let g(s) = -115*s**2 - 78*s + 12. Determine g(2).
-604
Let b(p) = -7*p**2 - 139*p + 328. Calculate b(-22).
-2
Let l(u) = 1505*u + 43171. Calculate l(-28).
1031
Let x(p) = -p**2 - 1734000*p - 6935984. Give x(-4).
0
Let s(r) = r**3 + 1698*r**2 - 6706*r - 411. Calculate s(4).
-3
Let f(z) = 5*z**2 + 144407*z + 2020717. Determine f(-14).
-1
Let a(z) = 3133*z - 106963. Determine a(34).
-441
Let x(j) = 57*j**3 + 9*j**2 - 18*j + 26. Determine x(3).
1592
Let t(a) = -12895*a + 1663448. Determine t(129).
-7
Let n(d) = -26*d**2 - 77*d - 62. What is n(-3)?
-65
Let l(w) = -111*w + 2081. What is l(8)?
1193
Let t(w) = w + 435. Give t(-85).
350
Let t(k) = 2*k**2 + 165*k + 3757. Give t(-31).
564
Let b(d) = 7*d**2 - 433*d - 154. What is b(62)?
-92
Let n(f) = 362*f + 7832. What is n(-23)?
-494
Let f(a) = 10*a**3 - 3*a**2 - 270*a + 1265. Give f(5).
1090
Let i(d) = -177*d + 204. What is i(-7)?
1443
Let a(r) = -13*r**3 + 43*r**2 - 345*r + 1030. Calculate a(3).
31
Let b(r) = -r**3 + 18*r**2 - 71*r - 58. Determine b(10).
32
Let j(k) = 3*k**3 - 52*k**2 + 78*k + 459. Calculate j(15).
54
Let d(s) = 37344*s - 634885. What is d(17)?
-37
Let y(r) = r**3 + 86*r**2 + 9040*r + 26373. Calculate y(-3).
0
Let v(b) = -2*b**3 + 35*b**2 + 513*b - 2. Give v(27).
-2
Let g(x) = -11*x**2 + 7081*x + 1933. Calculate g(644).
1
Let p(f) = 45*f**2 - 6005*f - 6057. What is p(-1)?
-7
Let b(g) = g**2 - 1109625*g - 6657792. Calculate b(-6).
-6
Let x(z) = 521*z + 26490. Calculate x(-43).
4087
Let y(f) = 6300*f + 491403. Calculate y(-78).
3
Let a(y) = -3*y**3 - 78*y**2 - 139*y + 118. Determine a(-24).
-2
Let q(n) = 3644*n**2 - 1596*n + 1595. Calculate q(1).
3643
Let o(t) = -21*t**3 - 223*t**2 + 81*t + 12. Give o(-11).
89
Let t(m) = -m**2 - 11585*m + 150788. Give t(13).
14
Let d(n) = -437419*n - 1312254. Calculate d(-3).
3
Let d(a) = 2074*a - 114070. Calculate d(55).
0
Let r(f) = -215*f + 11383. Determine r(29).
5148
Let s(j) = j**3 + 9*j**2 - 153*j - 78. Give s(9).
3
Let n(q) = -185*q + 12601. Give n(67).
206
Let q(a) = -a**3 - 270*a**2 + 258*a - 1180. Calculate q(-271).
2343
Let i(y) = 220*y - 31533. Give i(140).
-733
Let z(a) = -99*a**2 + 8*a - 52. Give z(2).
-432
Let p(l) = 3*l**3 - 954*l**2 - 1968*l + 15357. What is p(320)?
-3
Let u(q) = 53*q**2 + 3330*q - 590. Calculate u(-63).
-23
Let s(f) = 211*f + 4898. Determine s(-23).
45
Let r(f) = -22843*f + 822199. What is r(36)?
-149
Let u(l) = 6291*l + 113949. Give u(-18).
711
Let d(z) = z**3 - 88*z**2 - 67*z + 13570. Give d(87).
172
Let v(l) = -78060*l - 27164874. What is v(-348)?
6
Let v(n) = -1609*n**2 + 3109*n + 1. Give v(2).
-217
Let l(o) = -18*o**2 - 32*o + 120. Determine l(-10).
-1360
Let h(j) = 139235*j + 2367003. Calculate h(-17).
8
Let a(g) = -12*g**2 + 4511*g + 4510. What is a(-1)?
-13
Let m(i) = -i**2 + 71*i - 155. What is m(75)?
-455
Let f(g) = 455*g - 20060. What is f(46)?
870
Let d(f) = -21*f**2 - 67668*f + 67667. Give d(1).
-22
Let y(r) = -1337*r + 3440. Give y(1).
2103
Let i(h) = -2861*h + 3041261. Determine i(1063).
18
Let a(z) = -81*z**2 - 5*z - 41. Calculate a(0).
-41
Let k(z) = -z**3 + 6*z**2 - 65464*z + 523870. Determine k(8).
30
Let j(q) = -q**3 + 2001*q**2 + 34348*q - 84768. Determine j(2018).
-12
Let f(a) = -a**3 + 158*a**2 + 6960*a - 753. What is f(-36)?
111
Let t(m) = 56*m + 9632. Give t(-172).
0
Let x(f) = -36437*f + 1129163. Determine x(31).
-384
Let c(u) = -17240*u - 258567. Give c(-15).
33
Let m(d) = d**2 + 1574*d + 617401. What is m(-832)?
57
Let p(c) = -9533*c + 1525286. What is p(160)?
6
Let k(u) = 1262*u**2 - 3*u - 5163. Determine k(0).
-5163
Let h(m) = m**2 - 5882*m - 446612. Calculate h(-75).
163
Let r(a) = 60*a - 1021. Calculate r(26).
539
Let b(l) = -l**3 - 77*l**2 - 32*l - 28790. Give b(-81).
46
Let l(y) = 166*y**2 + 3125*y + 621. What is l(-19)?
1172
Let u(n) = -27*n**3 - 2*n**2 - 507*n - 2028. Calculate u(-4).
1696
Let m(h) = -4397*h - 303411. What is m(-69)?
-18
Let j(c) = 366617*c + 6965707. Calculate j(-19).
-16
Let a(k) = -k**2 - 734*k - 45875. What is a(-69)?
10
Let z(k) = 90*k**3 - k**2 - 118*k - 117. Calculate z(-1).
-90
Let b(z) = 402*z + 73870. Determine b(-186).
-902
Let q(i) = -409*i + 59553. Calculate q(146).
-161
Let c(v) = 503*v - 959. Calculate c(0).
-959
Let w(z) = 4301*z + 365588. Give w(-85).
3
Let a(l) = -l**3 + 73*l**2 - 878*l + 2405. Calculate a(4).
-3
Let g(q) = -q**2 - 2177*q + 832986. What is g(332)?
-2
Let w(y) = 86*y - 7159. What is w(73)?
-881
Let j(l) = -161*l + 9958. Give j(63).
-185
Let r(v) = 145*v - 8449. Determine r(58).
-39
Let w(d) = -7*d**2 - 281*d - 546. Determine w(-38).
24
Let a(d) = -8*d**3 + 166*d**2 + 215*d - 3427. Calculate a(21).
206
Let q(w) = 1679*w - 8258. What is q(6)?
1816
Let n(f) = -f**3 + 66*f**2 + 155*f - 1386. Determine n(68).
-94
Let x(y) = -62*y + 11575. Determine x(186).
43
Let o(z) = -z**3 - 157*z**2 - 1909*z - 299721. Give o(-157).
-8
Let i(r) = -1064*r + 197570. Determine i(186).
-334
Let i(z) = 416479*z - 416512. Determine i(1).
-33
Let n(d) = -134*d**2 + 785*d - 784. Give n(1).
-133
Let r(q) = -3*q**2 - 881*q + 29070. Determine r(31).
-1124
Let d(j) = 42071*j + 420703. What is d(-10)?
-7
Let s(l) = -4*l**2 + 373*l - 7613. What is s(21)?
-1544
Let x(n) = -5*n**2 + 2487*n + 20021. Determine x(-8).
-195
Let v(p) = -100*p**2 - 27602*p - 1066. Give v(-276).
-514
Let u(l) = -4*l**3 - 89*l**2 - 5*l + 231. Calculate u(-22).
-143
Let r(t) = -16862*t + 1281517. Determine r(76).
5
Let a(s) = s**2 + 826*s + 113780. Determine a(-175).
-145
Let u(y) = 29*y**2 + 822*y + 1091. What is u(-27)?
38
Let c(r) = 220*r + 6762. Determine c(-34).
-718
Let h(s) = 1026*s + 142571. What is h(-139)?
-43
Let y(l) = -991*l - 58347. Calculate y(-59).
122
Let c(u) = -37*u + 4154. Give c(128).
-582
Let c(z) = -161867*z**2 - 2428003*z + 37. Give c(-15).
7
Let d(z) = 3*z**2 - 498*z - 118. Determine d(0).
-118
Let u(j) = -j**2 + 111*j + 2301. Determine u(-20).
-319
Let m(j) = -1606*j - 12982. Determine m(-8).
-134
Let z(n) = n**3 - 203*n**2 + 177*n + 5048. Calculate z(202).
-2
Let p(n) = 2*n**3 + 192*n**2 - 725*n - 293. What is p(4)?
7
Let k(q) = 97*q + 6353. Calculate k(-71).
-534
Let p(w) = -629937*w - 5669412. Determine p(-9).
21
Let h(d) = 2*d**3 - 17*d**2 - 16*d - 25. Determine h(13).
1288
Let f(h) = -h**3 + 8*h**2 - 1054*h - 7228. Calculate f(-7).
885
Let h(v) = 857*v - 751595. Calculate h(877).
-6
Let n(w) = 791*w + 6734. Calculate n(-8).
406
Let n(c) = -c**3 + 2*c**2 + 2780*c - 5567. Determine n(2).
-7
Let u(f) = 5*f**2 + 316*f - 2229. What is u(7)?
228
Let g(w) = 3*w**3 - w**2 - 304*w + 597. Calculate g(2).
9
Let f(n) = -145*n + 1863. Determine f(6).
993
Let b(l) = -5*l**2 + 2583*l + 50894. Calculate b(-19).
12
Let f(o) = -2752*o - 533927. Determine f(-194).
-39
Let j(g) = -43700*g + 8827407. Determine j(202).
7
Let u(o) = -34*o**2 + 81*o - 463. Calculate u(7).
-1562
Let f(x) = -125*x**2 + 60*x + 55. Calculate f